993.
854
What is the remainder when 1523 is divided by 26?
15
What is the remainder when 315664 is divided by 19?
17
What is the remainder when 13976 is divided by 62?
26
Calculate the remainder when 78095 is divided by 26027.
14
What is the remainder when 1387 is divided by 68?
27
What is the remainder when 1174663 is divided by 293664?
7
What is the remainder when 57301 is divided by 58?
55
Calculate the remainder when 1840 is divided by 19.
16
Calculate the remainder when 32097 is divided by 30.
27
Calculate the remainder when 4470 is divided by 371.
18
What is the remainder when 47409 is divided by 15?
9
What is the remainder when 34882 is divided by 87?
82
Calculate the remainder when 1903 is divided by 603.
94
Calculate the remainder when 1309 is divided by 10.
9
What is the remainder when 4765 is divided by 526?
31
What is the remainder when 167678 is divided by 8?
6
Calculate the remainder when 6345 is divided by 1136.
665
What is the remainder when 20428 is divided by 408?
28
Calculate the remainder when 20694 is divided by 101.
90
What is the remainder when 29033 is divided by 3629?
1
What is the remainder when 39868 is divided by 2651?
103
What is the remainder when 16445 is divided by 909?
83
Calculate the remainder when 5307 is divided by 90.
87
Calculate the remainder when 111129 is divided by 10.
9
Calculate the remainder when 630573 is divided by 48.
45
What is the remainder when 14 is divided by 13?
1
What is the remainder when 21910 is divided by 10877?
156
What is the remainder when 110848 is divided by 14?
10
Calculate the remainder when 1836 is divided by 231.
219
Calculate the remainder when 1874 is divided by 39.
2
Calculate the remainder when 2623 is divided by 211.
91
Calculate the remainder when 20694 is divided by 75.
69
Calculate the remainder when 11137 is divided by 196.
161
What is the remainder when 43815 is divided by 952?
23
Calculate the remainder when 10653 is divided by 468.
357
Calculate the remainder when 21189 is divided by 2610.
309
Calculate the remainder when 3514 is divided by 1357.
800
Calculate the remainder when 3141011 is divided by 84.
83
What is the remainder when 1064 is divided by 1040?
24
What is the remainder when 9719 is divided by 2426?
15
Calculate the remainder when 69659 is divided by 135.
134
What is the remainder when 4690 is divided by 1155?
70
Calculate the remainder when 67499 is divided by 25.
24
What is the remainder when 9620 is divided by 4323?
974
What is the remainder when 4160 is divided by 47?
24
Calculate the remainder when 6350 is divided by 42.
8
Calculate the remainder when 11176 is divided by 13.
9
What is the remainder when 77963 is divided by 457?
273
What is the remainder when 139851 is divided by 124?
103
Calculate the remainder when 1648 is divided by 819.
10
Calculate the remainder when 65016 is divided by 32508.
0
Calculate the remainder when 37843 is divided by 435.
433
What is the remainder when 75032 is divided by 481?
477
Calculate the remainder when 30314 is divided by 266.
256
Calculate the remainder when 400182 is divided by 481.
471
Calculate the remainder when 10084 is divided by 10082.
2
What is the remainder when 36276 is divided by 18135?
6
Calculate the remainder when 14358 is divided by 122.
84
What is the remainder when 21970 is divided by 1228?
1094
Calculate the remainder when 624 is divided by 109.
79
Calculate the remainder when 6575 is divided by 188.
183
Calculate the remainder when 12940 is divided by 165.
70
Calculate the remainder when 75939 is divided by 73.
19
Calculate the remainder when 3885 is divided by 1259.
108
What is the remainder when 32765 is divided by 284?
105
Calculate the remainder when 257863 is divided by 51570.
13
Calculate the remainder when 9673 is divided by 333.
16
Calculate the remainder when 683077 is divided by 45.
22
Calculate the remainder when 382567 is divided by 232.
231
What is the remainder when 2555513 is divided by 695?
693
Calculate the remainder when 364410 is divided by 6748.
18
Calculate the remainder when 63297 is divided by 390.
117
What is the remainder when 8712 is divided by 153?
144
Calculate the remainder when 3276 is divided by 436.
224
What is the remainder when 1510 is divided by 219?
196
What is the remainder when 29950 is divided by 36?
34
Calculate the remainder when 7702 is divided by 600.
502
Calculate the remainder when 10615 is divided by 180.
175
Calculate the remainder when 3913 is divided by 87.
85
Calculate the remainder when 300363 is divided by 369.
366
What is the remainder when 26445 is divided by 8812?
9
What is the remainder when 24447 is divided by 569?
549
Calculate the remainder when 30209 is divided by 91.
88
Calculate the remainder when 3706 is divided by 242.
76
What is the remainder when 12260 is divided by 12174?
86
Calculate the remainder when 3554 is divided by 877.
46
What is the remainder when 104016 is divided by 41?
40
Calculate the remainder when 3014807 is divided by 1122.
1115
What is the remainder when 64854 is divided by 121?
119
Calculate the remainder when 6948 is divided by 3468.
12
What is the remainder when 42534 is divided by 413?
408
What is the remainder when 67845 is divided by 590?
585
What is the remainder when 2318979 is divided by 31?
24
What is the remainder when 14536 is divided by 415?
11
Calculate the remainder when 13411 is divided by 3298.
219
What is the remainder when 5100 is divided by 241?
39
What is the remainder when 1728 is divided by 260?
168
Calculate the remainder when 30226 is divided by 348.
298
What is the remainder when 14779 is divided by 816?
91
What is the remainder when 55283 is divided by 359?
356
Calculate the remainder when 7160 is divided by 84.
20
Calculate the remainder when 26583 is divided by 181.
157
What is the remainder when 714 is divided by 138?
24
What is the remainder when 576132 is divided by 217?
214
What is the remainder when 273926 is divided by 30?
26
Calculate the remainder when 136430 is divided by 1040.
190
What is the remainder when 21045 is divided by 117?
102
Calculate the remainder when 25196 is divided by 14.
10
Calculate the remainder when 29298 is divided by 29291.
7
What is the remainder when 16198 is divided by 89?
0
Calculate the remainder when 8938 is divided by 149.
147
Calculate the remainder when 16605 is divided by 19.
18
Calculate the remainder when 15130 is divided by 1002.
100
Calculate the remainder when 28780 is divided by 13.
11
What is the remainder when 278564 is divided by 35?
34
What is the remainder when 3467 is divided by 408?
203
What is the remainder when 3237 is divided by 8?
5
What is the remainder when 8973 is divided by 1639?
778
Calculate the remainder when 6626 is divided by 3252.
122
Calculate the remainder when 1089 is divided by 9.
0
Calculate the remainder when 155168 is divided by 35.
13
Calculate the remainder when 300491 is divided by 195.
191
Calculate the remainder when 19800 is divided by 495.
0
Calculate the remainder when 56438 is divided by 103.
97
What is the remainder when 28743 is divided by 8?
7
What is the remainder when 1613 is divided by 501?
110
What is the remainder when 443808 is divided by 613?
609
What is the remainder when 8473 is divided by 4232?
9
Calculate the remainder when 7037 is divided by 2337.
26
Calculate the remainder when 131026 is divided by 35.
21
Calculate the remainder when 142210 is divided by 71.
68
What is the remainder when 16327 is divided by 78?
25
What is the remainder when 22548 is divided by 1920?
1428
Calculate the remainder when 42126 is divided by 14002.
120
What is the remainder when 18686 is divided by 210?
206
Calculate the remainder when 28626 is divided by 9.
6
Calculate the remainder when 60200 is divided by 284.
276
Calculate the remainder when 12955 is divided by 4314.
13
What is the remainder when 1263 is divided by 165?
108
Calculate the remainder when 58169 is divided by 29079.
11
Calculate the remainder when 2913 is divided by 145.
13
Calculate the remainder when 6177 is divided by 279.
39
What is the remainder when 66032 is divided by 99?
98
What is the remainder when 252015 is divided by 55?
5
What is the remainder when 14473 is divided by 7?
4
Calculate the remainder when 874 is divided b